{"id":16,"date":"2019-06-16T04:56:41","date_gmt":"2019-06-16T02:56:41","guid":{"rendered":"http:\/\/efa-reunion.fr\/?page_id=16"},"modified":"2020-03-10T08:56:38","modified_gmt":"2020-03-10T07:56:38","slug":"nous-contacter","status":"publish","type":"page","link":"https:\/\/efa-reunion.fr\/index.php\/nous-contacter\/","title":{"rendered":"Nous contacter"},"content":{"rendered":"\n<p>EFA R\u00e9union est \u00e0 votre disposition pour toute question concernant l\u2019adoption.<br> Notre association vous r\u00e9pondra directement ou vous orientera sur la f\u00e9d\u00e9ration nationale.<\/p>\n\n\n\n<p class=\"has-text-color has-secondary-color\"><strong>Secr\u00e9tariat EFA<\/strong> : efareunion974@gmail.com<\/p>\n\n\n\n<blockquote class=\"wp-block-quote is-layout-flow wp-block-quote-is-layout-flow\"><p>Enfance &amp; Familles d\u2019Adoption de La R\u00e9union<\/p><p> 84 chemin cendrine ,<br> 97425 Les Avirons .<\/p><p>T\u00e9l :  +262 6 93 91 03 98 <\/p><\/blockquote>\n\n\n\n<p><\/p>\n","protected":false},"excerpt":{"rendered":"<p>EFA R\u00e9union est \u00e0 votre disposition pour toute question concernant l\u2019adoption. Notre association vous r\u00e9pondra directement ou vous orientera sur la f\u00e9d\u00e9ration nationale. Secr\u00e9tariat EFA : efareunion974@gmail.com Enfance &amp; Familles d\u2019Adoption de La R\u00e9union 84 chemin cendrine , 97425 Les Avirons . T\u00e9l : +262 6 93 91 03 98<\/p>\n","protected":false},"author":1,"featured_media":0,"parent":0,"menu_order":0,"comment_status":"closed","ping_status":"closed","template":"","meta":{"_uag_custom_page_level_css":"","footnotes":""},"class_list":["post-16","page","type-page","status-publish","hentry"],"uagb_featured_image_src":{"full":false,"thumbnail":false,"medium":false,"medium_large":false,"large":false,"1536x1536":false,"2048x2048":false,"twentyseventeen-featured-image":false,"twentyseventeen-thumbnail-avatar":false},"uagb_author_info":{"display_name":"EFAR\u00e9union","author_link":"https:\/\/efa-reunion.fr\/index.php\/author\/admin4542\/"},"uagb_comment_info":0,"uagb_excerpt":"EFA R\u00e9union est \u00e0 votre disposition pour toute question concernant l\u2019adoption. Notre association vous r\u00e9pondra directement ou vous orientera sur la f\u00e9d\u00e9ration nationale. Secr\u00e9tariat EFA : efareunion974@gmail.com Enfance &amp; Familles d\u2019Adoption de La R\u00e9union 84 chemin cendrine , 97425 Les Avirons . T\u00e9l : +262 6 93 91 03 98","_links":{"self":[{"href":"https:\/\/efa-reunion.fr\/index.php\/wp-json\/wp\/v2\/pages\/16"}],"collection":[{"href":"https:\/\/efa-reunion.fr\/index.php\/wp-json\/wp\/v2\/pages"}],"about":[{"href":"https:\/\/efa-reunion.fr\/index.php\/wp-json\/wp\/v2\/types\/page"}],"author":[{"embeddable":true,"href":"https:\/\/efa-reunion.fr\/index.php\/wp-json\/wp\/v2\/users\/1"}],"replies":[{"embeddable":true,"href":"https:\/\/efa-reunion.fr\/index.php\/wp-json\/wp\/v2\/comments?post=16"}],"version-history":[{"count":8,"href":"https:\/\/efa-reunion.fr\/index.php\/wp-json\/wp\/v2\/pages\/16\/revisions"}],"predecessor-version":[{"id":318,"href":"https:\/\/efa-reunion.fr\/index.php\/wp-json\/wp\/v2\/pages\/16\/revisions\/318"}],"wp:attachment":[{"href":"https:\/\/efa-reunion.fr\/index.php\/wp-json\/wp\/v2\/media?parent=16"}],"curies":[{"name":"wp","href":"https:\/\/api.w.org\/{rel}","templated":true}]}}