{"id":2,"date":"2019-06-15T15:33:28","date_gmt":"2019-06-15T13:33:28","guid":{"rendered":"http:\/\/efa-reunion.fr\/?page_id=2"},"modified":"2022-12-09T06:01:42","modified_gmt":"2022-12-09T05:01:42","slug":"page-d-exemple","status":"publish","type":"page","link":"https:\/\/efa-reunion.fr\/","title":{"rendered":"Enfance &#038; Familles d\u2019Adoption de la R\u00e9union"},"content":{"rendered":"\n<p class=\"has-luminous-vivid-amber-background-color has-background has-small-font-size\"><strong>INFOS : <strong>suite \u00e0 la situation sanitaire actuelle, les \u00e9v\u00e9nements organis\u00e9s par EFA R\u00e9union sont ajust\u00e9s<\/strong><\/strong><\/p>\n\n\n\n<p><\/p>\n\n\n<div class=\"wp-block-image\">\n<figure class=\"alignright size-large\"><img decoding=\"async\" width=\"1024\" height=\"1024\" src=\"https:\/\/efa-reunion.fr\/wp-content\/uploads\/2022\/12\/20221207_132508_0000-2-1024x1024.png\" alt=\"\" class=\"wp-image-540\" srcset=\"https:\/\/efa-reunion.fr\/wp-content\/uploads\/2022\/12\/20221207_132508_0000-2-1024x1024.png 1024w, https:\/\/efa-reunion.fr\/wp-content\/uploads\/2022\/12\/20221207_132508_0000-2-300x300.png 300w, https:\/\/efa-reunion.fr\/wp-content\/uploads\/2022\/12\/20221207_132508_0000-2-150x150.png 150w, https:\/\/efa-reunion.fr\/wp-content\/uploads\/2022\/12\/20221207_132508_0000-2-768x768.png 768w, https:\/\/efa-reunion.fr\/wp-content\/uploads\/2022\/12\/20221207_132508_0000-2-1536x1536.png 1536w, https:\/\/efa-reunion.fr\/wp-content\/uploads\/2022\/12\/20221207_132508_0000-2-100x100.png 100w, https:\/\/efa-reunion.fr\/wp-content\/uploads\/2022\/12\/20221207_132508_0000-2.png 1654w\" sizes=\"(max-width: 706px) 89vw, (max-width: 767px) 82vw, 740px\" \/><\/figure><\/div>\n\n\n<p>Nous sommes une antenne locale d&rsquo;EFA France. Nos objectifs sont de fournir des informations sur l\u2019adoption, de pr\u00e9parer et guider les candidats \u00e0 l\u2019adoption, de soutenir les adoptants dans leur parentalit\u00e9 et les adopt\u00e9s dans leurs  interrogations et enfin, de proposer des formations aux professionnels.<\/p>\n\n\n\n<p>Vous pourrez nous contacter pour, si n\u00e9cessaire, nous interpeller, nous adresser des suggestions, voire des informations que nous ne poss\u00e9derions pas.<\/p>\n\n\n\n<p>Et pour nos adh\u00e9rents, retrouvez la vie de <a href=\"https:\/\/efa-reunion.fr\/index.php\/2019\/06\/16\/exemple-dun-article-protege-adherents\/\">votre association<\/a> sur votre page d\u00e9di\u00e9e.<\/p>\n\n\n\n<h2 class=\"wp-block-heading\">Nos derniers articles<\/h2>\n\n\n<ul class=\"wp-block-latest-posts__list is-grid columns-3 alignleft wp-block-latest-posts\"><li><a class=\"wp-block-latest-posts__post-title\" href=\"https:\/\/efa-reunion.fr\/index.php\/2022\/11\/27\/ladoption-a-mayotte\/\">L&rsquo;adoption \u00e0 Mayotte<\/a><\/li>\n<li><a class=\"wp-block-latest-posts__post-title\" href=\"https:\/\/efa-reunion.fr\/index.php\/2022\/11\/27\/lagrement\/\">L&rsquo;agr\u00e9ment<\/a><\/li>\n<li><a class=\"wp-block-latest-posts__post-title\" href=\"https:\/\/efa-reunion.fr\/index.php\/2021\/10\/03\/la-revue-accueil-n-198-mars-2021-les-derives-de-ladoption-de-lirregularite-a-lillegalite\/\">La revue accueil n\u00b0 198, Mars 2021 \u2013 Les d\u00e9rives de l\u2019adoption : de l\u2019irr\u00e9gularit\u00e9 \u00e0 l\u2019ill\u00e9galit\u00e9<\/a><\/li>\n<li><a class=\"wp-block-latest-posts__post-title\" href=\"https:\/\/efa-reunion.fr\/index.php\/2021\/10\/03\/juin-2021-newsletter-n57-defa\/\">Juin 2021 \u2013 Newsletter n\u00b057 d\u2019EFA<\/a><\/li>\n<li><a class=\"wp-block-latest-posts__post-title\" href=\"https:\/\/efa-reunion.fr\/index.php\/2021\/10\/03\/la-revue-accueil-n-199-juin-2021-repondre-aux-questions-des-enfants\/\">La revue accueil n\u00b0 199, Juin 2021 \u2013 R\u00e9pondre aux questions des enfants<\/a><\/li>\n<\/ul>\n\n\n<h2 class=\"wp-block-heading\">EFA France <\/h2>\n\n\n<div class=\"wp-block-image\">\n<figure class=\"alignleft is-resized\"><a href=\"https:\/\/www.adoptionefa.org\/\" target=\"_blank\" rel=\"noreferrer noopener\"><img decoding=\"async\" src=\"https:\/\/efa-reunion.fr\/wp-content\/uploads\/2019\/07\/aperc\u0327u-news-efa-France.png\" alt=\"Aper\u00e7u des actualit\u00e9s d'EFA FRANCE\" class=\"wp-image-193\" width=\"433\" height=\"307\" srcset=\"https:\/\/efa-reunion.fr\/wp-content\/uploads\/2019\/07\/aperc\u0327u-news-efa-France.png 866w, https:\/\/efa-reunion.fr\/wp-content\/uploads\/2019\/07\/aperc\u0327u-news-efa-France-300x212.png 300w, https:\/\/efa-reunion.fr\/wp-content\/uploads\/2019\/07\/aperc\u0327u-news-efa-France-768x544.png 768w\" sizes=\"(max-width: 433px) 100vw, 433px\" \/><\/a><\/figure><\/div>\n\n\n<p class=\"has-primary-background-color has-background\">Suivre <a href=\"https:\/\/www.adoptionefa.org\/\">l&rsquo;actualit\u00e9 de l&rsquo;adoption<\/a> au national et \u00e0 l&rsquo;international, s&rsquo;abonner <a href=\"https:\/\/www.adoptionefa.org\/newsletters\/\">aux lettres d&rsquo;actualit\u00e9s EFA<\/a> ou contacter <a href=\"https:\/\/www.adoptionefa.org\/efa-qui-sommes-nous\/accompagner-et-ecouter-les-familles\/la-ligne-decoute-nationale\/\">la ligne nationale d\u2019\u00e9coute (01.40.05.57.79)<\/a><\/p>\n","protected":false},"excerpt":{"rendered":"<p>INFOS : suite \u00e0 la situation sanitaire actuelle, les \u00e9v\u00e9nements organis\u00e9s par EFA R\u00e9union sont ajust\u00e9s Nous sommes une antenne locale d&rsquo;EFA France. Nos objectifs sont de fournir des informations sur l\u2019adoption, de pr\u00e9parer et guider les candidats \u00e0 l\u2019adoption, de soutenir les adoptants dans leur parentalit\u00e9 et les adopt\u00e9s dans leurs interrogations et enfin, &hellip; <\/p>\n<p class=\"link-more\"><a href=\"https:\/\/efa-reunion.fr\/\" class=\"more-link\">Continuer la lecture<span class=\"screen-reader-text\"> de &laquo;&nbsp;Enfance &#038; Familles d\u2019Adoption de la R\u00e9union&nbsp;&raquo;<\/span><\/a><\/p>\n","protected":false},"author":1,"featured_media":6,"parent":0,"menu_order":0,"comment_status":"closed","ping_status":"open","template":"","meta":{"_uag_custom_page_level_css":"","footnotes":""},"class_list":["post-2","page","type-page","status-publish","has-post-thumbnail","hentry"],"uagb_featured_image_src":{"full":["https:\/\/efa-reunion.fr\/wp-content\/uploads\/2019\/06\/children-cute-enjoyment-1432697.jpg",3664,2443,false],"thumbnail":["https:\/\/efa-reunion.fr\/wp-content\/uploads\/2019\/06\/children-cute-enjoyment-1432697-150x150.jpg",150,150,true],"medium":["https:\/\/efa-reunion.fr\/wp-content\/uploads\/2019\/06\/children-cute-enjoyment-1432697-300x200.jpg",300,200,true],"medium_large":["https:\/\/efa-reunion.fr\/wp-content\/uploads\/2019\/06\/children-cute-enjoyment-1432697-768x512.jpg",525,350,true],"large":["https:\/\/efa-reunion.fr\/wp-content\/uploads\/2019\/06\/children-cute-enjoyment-1432697-1024x683.jpg",525,350,true],"1536x1536":["https:\/\/efa-reunion.fr\/wp-content\/uploads\/2019\/06\/children-cute-enjoyment-1432697.jpg",1536,1024,false],"2048x2048":["https:\/\/efa-reunion.fr\/wp-content\/uploads\/2019\/06\/children-cute-enjoyment-1432697.jpg",2048,1366,false],"twentyseventeen-featured-image":["https:\/\/efa-reunion.fr\/wp-content\/uploads\/2019\/06\/children-cute-enjoyment-1432697.jpg",1800,1200,false],"twentyseventeen-thumbnail-avatar":["https:\/\/efa-reunion.fr\/wp-content\/uploads\/2019\/06\/children-cute-enjoyment-1432697.jpg",100,67,false]},"uagb_author_info":{"display_name":"EFAR\u00e9union","author_link":"https:\/\/efa-reunion.fr\/index.php\/author\/admin4542\/"},"uagb_comment_info":1,"uagb_excerpt":"INFOS : suite \u00e0 la situation sanitaire actuelle, les \u00e9v\u00e9nements organis\u00e9s par EFA R\u00e9union sont ajust\u00e9s Nous sommes une antenne locale d&rsquo;EFA France. Nos objectifs sont de fournir des informations sur l\u2019adoption, de pr\u00e9parer et guider les candidats \u00e0 l\u2019adoption, de soutenir les adoptants dans leur parentalit\u00e9 et les adopt\u00e9s dans leurs interrogations et enfin,\u2026","_links":{"self":[{"href":"https:\/\/efa-reunion.fr\/index.php\/wp-json\/wp\/v2\/pages\/2"}],"collection":[{"href":"https:\/\/efa-reunion.fr\/index.php\/wp-json\/wp\/v2\/pages"}],"about":[{"href":"https:\/\/efa-reunion.fr\/index.php\/wp-json\/wp\/v2\/types\/page"}],"author":[{"embeddable":true,"href":"https:\/\/efa-reunion.fr\/index.php\/wp-json\/wp\/v2\/users\/1"}],"replies":[{"embeddable":true,"href":"https:\/\/efa-reunion.fr\/index.php\/wp-json\/wp\/v2\/comments?post=2"}],"version-history":[{"count":30,"href":"https:\/\/efa-reunion.fr\/index.php\/wp-json\/wp\/v2\/pages\/2\/revisions"}],"predecessor-version":[{"id":541,"href":"https:\/\/efa-reunion.fr\/index.php\/wp-json\/wp\/v2\/pages\/2\/revisions\/541"}],"wp:featuredmedia":[{"embeddable":true,"href":"https:\/\/efa-reunion.fr\/index.php\/wp-json\/wp\/v2\/media\/6"}],"wp:attachment":[{"href":"https:\/\/efa-reunion.fr\/index.php\/wp-json\/wp\/v2\/media?parent=2"}],"curies":[{"name":"wp","href":"https:\/\/api.w.org\/{rel}","templated":true}]}}