{"id":414,"date":"2020-05-10T21:06:03","date_gmt":"2020-05-10T19:06:03","guid":{"rendered":"http:\/\/efa-reunion.fr\/?page_id=414"},"modified":"2020-05-10T21:29:35","modified_gmt":"2020-05-10T19:29:35","slug":"adoption-et-cultures-de-la-filiation-a-laffiliation","status":"publish","type":"page","link":"https:\/\/efa-reunion.fr\/index.php\/adoption-et-cultures-de-la-filiation-a-laffiliation\/","title":{"rendered":"Adoption et cultures : de la filiation \u00e0 l&rsquo;affiliation"},"content":{"rendered":"\n<div class=\"wp-block-image\"><figure class=\"aligncenter size-large is-resized\"><img decoding=\"async\" src=\"https:\/\/efa-reunion.fr\/wp-content\/uploads\/2020\/05\/31PQOHm8DCL-1.jpg\" alt=\"\" class=\"wp-image-415\" width=\"235\" height=\"375\" srcset=\"https:\/\/efa-reunion.fr\/wp-content\/uploads\/2020\/05\/31PQOHm8DCL-1.jpg 313w, https:\/\/efa-reunion.fr\/wp-content\/uploads\/2020\/05\/31PQOHm8DCL-1-188x300.jpg 188w\" sizes=\"(max-width: 235px) 100vw, 235px\" \/><\/figure><\/div>\n\n\n\n<p class=\"has-small-font-size\"><span style=\"color:#565656\" class=\"has-inline-color\">Date de parution<em> : 1996<\/em><br>Edition :<em> L&rsquo;Harmattan <\/em><br>Collection :  <em>sant\u00e9, soci\u00e9t\u00e9s et cultures.<\/em><\/span><\/p>\n\n\n\n<p>Sous la direction de Zerdalia K.S. Dahoun, <em>Adoption et cultures, de la filiation \u00e0 l&rsquo;affiliation<\/em> est le r\u00e9sultat d&rsquo;une r\u00e9flexion pluridisciplinaire qui a pris la forme d&rsquo;un colloque organis\u00e9 par la Maison de toutes les couleurs. Diff\u00e9rents points de vue et diff\u00e9rentes exp\u00e9riences se sont exprim\u00e9s : ceux de l&rsquo;anthropologue, du psychanalyste, du clinicien, du sociologue, du juriste, de l&rsquo;historien et du citoyen. <br><br>Tous ceux qui s&rsquo;int\u00e9ressent au monde des humains en g\u00e9n\u00e9ral, et des immigrants en particulier, pourront trouver mati\u00e8re \u00e0 r\u00e9flexion sur les principales questions que posent les passages de la filiation \u00e0 l&rsquo;affiliation; de l&rsquo;exil \u00e0 I&rsquo;adoption.<\/p>\n","protected":false},"excerpt":{"rendered":"<p>Date de parution : 1996Edition : L&rsquo;Harmattan Collection : sant\u00e9, soci\u00e9t\u00e9s et cultures. Sous la direction de Zerdalia K.S. Dahoun, Adoption et cultures, de la filiation \u00e0 l&rsquo;affiliation est le r\u00e9sultat d&rsquo;une r\u00e9flexion pluridisciplinaire qui a pris la forme d&rsquo;un colloque organis\u00e9 par la Maison de toutes les couleurs. Diff\u00e9rents points de vue et diff\u00e9rentes &hellip; <\/p>\n<p class=\"link-more\"><a href=\"https:\/\/efa-reunion.fr\/index.php\/adoption-et-cultures-de-la-filiation-a-laffiliation\/\" class=\"more-link\">Continuer la lecture<span class=\"screen-reader-text\"> de &laquo;&nbsp;Adoption et cultures : de la filiation \u00e0 l&rsquo;affiliation&nbsp;&raquo;<\/span><\/a><\/p>\n","protected":false},"author":1,"featured_media":0,"parent":0,"menu_order":0,"comment_status":"closed","ping_status":"closed","template":"","meta":{"_uag_custom_page_level_css":"","footnotes":""},"class_list":["post-414","page","type-page","status-publish","hentry"],"uagb_featured_image_src":{"full":false,"thumbnail":false,"medium":false,"medium_large":false,"large":false,"1536x1536":false,"2048x2048":false,"twentyseventeen-featured-image":false,"twentyseventeen-thumbnail-avatar":false},"uagb_author_info":{"display_name":"EFAR\u00e9union","author_link":"https:\/\/efa-reunion.fr\/index.php\/author\/admin4542\/"},"uagb_comment_info":0,"uagb_excerpt":"Date de parution : 1996Edition : L&rsquo;Harmattan Collection : sant\u00e9, soci\u00e9t\u00e9s et cultures. Sous la direction de Zerdalia K.S. Dahoun, Adoption et cultures, de la filiation \u00e0 l&rsquo;affiliation est le r\u00e9sultat d&rsquo;une r\u00e9flexion pluridisciplinaire qui a pris la forme d&rsquo;un colloque organis\u00e9 par la Maison de toutes les couleurs. Diff\u00e9rents points de vue et diff\u00e9rentes\u2026","_links":{"self":[{"href":"https:\/\/efa-reunion.fr\/index.php\/wp-json\/wp\/v2\/pages\/414"}],"collection":[{"href":"https:\/\/efa-reunion.fr\/index.php\/wp-json\/wp\/v2\/pages"}],"about":[{"href":"https:\/\/efa-reunion.fr\/index.php\/wp-json\/wp\/v2\/types\/page"}],"author":[{"embeddable":true,"href":"https:\/\/efa-reunion.fr\/index.php\/wp-json\/wp\/v2\/users\/1"}],"replies":[{"embeddable":true,"href":"https:\/\/efa-reunion.fr\/index.php\/wp-json\/wp\/v2\/comments?post=414"}],"version-history":[{"count":6,"href":"https:\/\/efa-reunion.fr\/index.php\/wp-json\/wp\/v2\/pages\/414\/revisions"}],"predecessor-version":[{"id":425,"href":"https:\/\/efa-reunion.fr\/index.php\/wp-json\/wp\/v2\/pages\/414\/revisions\/425"}],"wp:attachment":[{"href":"https:\/\/efa-reunion.fr\/index.php\/wp-json\/wp\/v2\/media?parent=414"}],"curies":[{"name":"wp","href":"https:\/\/api.w.org\/{rel}","templated":true}]}}